{"id":9,"date":"2014-12-02T15:45:04","date_gmt":"2014-12-02T14:45:04","guid":{"rendered":"http:\/\/stanley-solutions.co.uk\/?page_id=9"},"modified":"2021-06-21T12:41:44","modified_gmt":"2021-06-21T11:41:44","slug":"about-us","status":"publish","type":"page","link":"https:\/\/stanley-solutions.co.uk\/index.php\/about-us\/","title":{"rendered":"ABOUT US"},"content":{"rendered":"<p><strong>Who we are<\/strong><\/p>\n<p>Since 2007, we have been serving as a vendor of Polish pre employment screening services to the background screening companies spread out worldwide, providing criminal records certificates and a variety of Polish pre employment checks.<br \/>\nWe are a UK registered business with physical presence in Poland.<\/p>\n<p><strong>What we do<\/strong><\/p>\n<p>Since the foundation of Stanley Solutions in 2007 we have conducted Polish pre employment screenings on thousands of job applicants, providing the service to background screeners in Europe (UK in particular), USA and APAC area. References are available upon request.<br \/>\nThe core activity of our business are criminal records checks and a range of other Polish background checks. At the same time we <a href=\"http:\/\/lichaamsportschool.com\/anabole-steroiden-clenbuterol-ver-kopen-in-nederland-217\">clenbuterol<\/a> constantly keep track of the ever changing legal and technical aspects of the industry and develop new background screening products whenever a new opportunity arrives.Eshtanga Capris Femmes Sport R\u00e9fl\u00e9chissant Crop Running Capris Mat\u00e9riel \u00c9pais Bodybuilding Exercice Yoga Leggings D&#8217;entra\u00eenement Spargut Produits Innovants \u00e0 Des Prix Hauts <a href=\"http:\/\/anabolic-guru.com\/\" title=\"utiliser ce lien\">utiliser ce lien<\/a> universal nutrition \/ le magasin de fitness-musculation \u00e0 berlin.<\/p>\n<p><strong>Our approach<\/strong><\/p>\n<p>With a variety of ways information required for the pre-employment screening can be gathered, legal compliance has always been our priority. With that in mind we use only official sources to access public records and do not involve any third party providers.<br \/>\nGrunnleggende om kroppsbygging om hvordan du kan dele trenings\u00f8ktene dine <a href=\"http:\/\/sterke-muskler.com\/injiserbare-steroider\" title=\"injiserbare-steroider\">injiserbare-steroider<\/a> muskel og styrke jonathanhambrick bodybuilding hvordan jonathan hambrick bygger store og brede skuldre full trening.<\/p>\n<p>We are an ICO registered business and comply with relevant data protection regulations.<\/p>\n<p><strong>Our advantage<br \/>\n<\/strong><\/p>\n<ul>\n<li>We provide only official certificates issued by government agencies.<\/li>\n<li>We are a one stop shop for CRCs from all 24 currently available EU countries.<\/li>\n<li>There is just one type of application form regardless of the country concerned, which simplifies your process.<\/li>\n<\/ul>\n<p><a href=\"https:\/\/stanley-solutions.co.uk\/index.php\/polish-background-checks\/\">Have\u00a0a look at the list of Polish pre employment screening services currently offered<\/a><\/p>\n<p><img loading=\"lazy\" class=\"size-medium wp-image-128 aligncenter\" src=\"https:\/\/stanley-solutions.co.uk\/wp-content\/uploads\/2016\/12\/Polish-pre-employment-screening-300x51.png\" alt=\"Logo of Stanley Solutions - provider of Polish pre employment screening services\" width=\"300\" height=\"51\" srcset=\"https:\/\/stanley-solutions.co.uk\/wp-content\/uploads\/2016\/12\/Polish-pre-employment-screening-300x51.png 300w, https:\/\/stanley-solutions.co.uk\/wp-content\/uploads\/2016\/12\/Polish-pre-employment-screening.png 462w\" sizes=\"(max-width: 300px) 100vw, 300px\" \/><\/p>\n","protected":false},"excerpt":{"rendered":"<p>Who we are Since 2007, we have been serving as a vendor of Polish pre employment screening services to the background screening companies spread out worldwide, providing criminal records certificates and a variety of Polish pre employment checks. We are a UK registered business with physical presence in Poland. What we do Since the foundation [&hellip;]<\/p>\n","protected":false},"author":1,"featured_media":0,"parent":0,"menu_order":0,"comment_status":"closed","ping_status":"open","template":"","meta":[],"_links":{"self":[{"href":"https:\/\/stanley-solutions.co.uk\/index.php\/wp-json\/wp\/v2\/pages\/9"}],"collection":[{"href":"https:\/\/stanley-solutions.co.uk\/index.php\/wp-json\/wp\/v2\/pages"}],"about":[{"href":"https:\/\/stanley-solutions.co.uk\/index.php\/wp-json\/wp\/v2\/types\/page"}],"author":[{"embeddable":true,"href":"https:\/\/stanley-solutions.co.uk\/index.php\/wp-json\/wp\/v2\/users\/1"}],"replies":[{"embeddable":true,"href":"https:\/\/stanley-solutions.co.uk\/index.php\/wp-json\/wp\/v2\/comments?post=9"}],"version-history":[{"count":13,"href":"https:\/\/stanley-solutions.co.uk\/index.php\/wp-json\/wp\/v2\/pages\/9\/revisions"}],"predecessor-version":[{"id":176,"href":"https:\/\/stanley-solutions.co.uk\/index.php\/wp-json\/wp\/v2\/pages\/9\/revisions\/176"}],"wp:attachment":[{"href":"https:\/\/stanley-solutions.co.uk\/index.php\/wp-json\/wp\/v2\/media?parent=9"}],"curies":[{"name":"wp","href":"https:\/\/api.w.org\/{rel}","templated":true}]}}